 5 = c*h - 2*h + b. What is the units digit of h?
9
What is the units digit of -6*((-10480)/24 + -8)?
8
Let l(q) = q**2 - q + 104. Let g(f) = -f**3 - 7*f**2 - 9*f + 5. Let y be g(-5). What is the units digit of l(y)?
4
Let z(l) = 337*l + 736. What is the thousands digit of z(7)?
3
Let h = 317 + 6. What is the hundreds digit of h?
3
Suppose 2*r - 1 = 9. Let k be 2/r + (-690)/(-25). What is the units digit of (-2)/(-8) - k/(-16)?
2
What is the units digit of ((-124944)/95)/((-18)/60)?
4
Let n = 119 - -82. Suppose 0 = -z + 4*z - n. What is the units digit of z?
7
Suppose -4*w + 6 + 6 = 0. Suppose -4*l + 142 = -5*u, 5*u = w*l - l - 76. What is the tens digit of l?
3
Suppose j + 9 = 4*n - 7, -2*n = -j - 8. Suppose -3*g - t = -229, -g + n*g + 3*t - 231 = 0. What is the tens digit of g?
7
Let l = 488 - -239. What is the hundreds digit of l?
7
Let r be -3 - (-117 + (-3 - 0) + 2). Suppose 19*q + r = 20*q. What is the units digit of q?
5
Let u = -26 + 29. Suppose -u*f = -126 + 24. What is the tens digit of f?
3
Let n = -20 - -195. Suppose 0 = 18*r - 23*r + n. What is the units digit of r?
5
Suppose 7038 = -59*y + 62*y. Suppose -y - 2334 = -20*u. What is the units digit of u?
4
Suppose -4*j + 0*g = 2*g + 6, 0 = -j + 4*g + 12. Let i = j + -6. What is the units digit of (0 - i) + (-1)/(-1)?
7
Suppose 2*l + 3*q = 109, 5*l - 3*q + 5*q - 300 = 0. Suppose -3*s + l + 361 = 0. What is the tens digit of s?
4
Let g = 946 + -672. What is the units digit of g?
4
Suppose 345 - 45 = -3*b. Let z = 28 - 22. What is the units digit of (6/(-5))/(z/b)?
0
Suppose o + 4*o - 10 = 0. Let a = -44 + 81. Suppose o*z - 9 = a. What is the units digit of z?
3
What is the tens digit of (3122/(-28) - 3/(-2))*-5?
5
Suppose 0 = -159*s + 164*s - 1240. What is the units digit of s?
8
Suppose 0 = 3*s - 3, 3*p - 7*p + 16 = 4*s. Let i(y) = -1 + 384*y + 4 + 2*y**3 - 385*y - 2*y**2. What is the units digit of i(p)?
6
What is the hundreds digit of 494 - ((-16)/28)/((-18)/63)?
4
Suppose 450 = 2*j + 8. What is the units digit of 2526/26 + (-34)/j?
7
Let o(u) be the first derivative of u**3/3 + 5*u**2/2 + 8*u + 6. Let r be o(7). Suppose r = p + 3*p. What is the units digit of p?
3
Suppose j - 377 = 13. What is the hundreds digit of j?
3
What is the hundreds digit of (5/1 - 3) + (0 - -1906)?
9
Let n(t) = 67*t + 12. Let v(k) = -66*k - 12. Let a(i) = -5*n(i) - 4*v(i). What is the tens digit of a(-2)?
3
Let c(n) = -n - 27. Let l(z) = -27. Let d(s) = 3*c(s) - 4*l(s). What is the units digit of d(-13)?
6
Let v = 0 - 1. Let d be (-6)/15*(v + -29). What is the units digit of 7 + d - -3*1?
2
Let n(w) = -3*w**3 + 20*w**2 + 3*w - 50. What is the tens digit of n(6)?
4
Suppose x = 5*x + 8. What is the units digit of 26/(-65)*250/x?
0
Let o be 30/(-40) - (-7)/4. Suppose -27 = 4*q + 3*y, -q + 0*y - 9 = 3*y. What is the tens digit of (2 - o) + (-336)/q?
5
Let x be (2/(-3))/((-9)/(-2538)). Let w = x + 314. What is the tens digit of w?
2
Let q(u) = 35*u + 106. What is the units digit of q(11)?
1
Let t = 9 - -27. Let k = t - -18. Suppose 5*b - 239 + k = 0. What is the tens digit of b?
3
Suppose 136*a - 1031269 = -362149. What is the hundreds digit of a?
9
Suppose -a + 301 = -220. Suppose 5*o - 34 = a. What is the units digit of o?
1
Let x be ((-1)/3)/((-2)/24). Suppose 190 = -y + 3*y + 3*i, -5*y + x*i = -475. What is the units digit of y?
5
Suppose -2*y + 39 = 33. What is the tens digit of 3/(y/53) - -3?
5
Let c(k) = -k**3 + k**2 + k - 4. Let r be c(0). Let z = r + 4. Suppose -2*i + 8 = -z*i, 2*i = -u + 47. What is the tens digit of u?
3
Suppose 23*u - 175 = 2516. What is the hundreds digit of u?
1
Suppose 263*o - 1782 = 252*o. What is the units digit of o?
2
Let w be 2/4 - 324/(-8). Let m = w - 9. What is the tens digit of m?
3
Suppose -3*y = -522 - 1254. What is the units digit of y/6 - (-14)/(-21)?
8
Suppose 4*r + 4*y - 5540 = 0, -24*r = -22*r + 4*y - 2780. What is the hundreds digit of r?
3
Let a = 52 - 22. Let u be (6/9)/(2/a). Let m(b) = b**3 - 11*b**2 + 14*b - 2. What is the units digit of m(u)?
8
Let m = 35 + -35. Suppose -y - 3*o - 1 + 7 = m, 3*y - 5*o = 32. Suppose -4*d + 79 = l, -3*d - l + 68 = y. What is the units digit of d?
0
Let c(r) = -78*r + 7. What is the tens digit of c(-9)?
0
Let a = 949 + -538. What is the tens digit of a?
1
Let w = 19 - 65. Let u = 3 - w. What is the tens digit of (-6)/(-14) - (-2037)/u?
4
Let z(t) be the second derivative of 5*t + 1/3*t**3 + 0 + 9/2*t**2. What is the units digit of z(8)?
5
Suppose 46*v - 118935 = -33881. What is the tens digit of v?
4
What is the tens digit of (-16)/(-104) + (-3287)/(-13)?
5
Let t be 6/14 - 117/(-21). Let x(i) = 6*i + 2. What is the tens digit of x(t)?
3
Let o(m) = 75*m**2 + 13*m + 3. What is the hundreds digit of o(-5)?
8
Let i(r) = 2*r**2 - 25*r + 13. Let a(x) = x**3 + 17*x**2 + 31*x + 30. Let o be a(-15). What is the tens digit of i(o)?
8
What is the hundreds digit of (-6)/(-33) - 12699/(-33)?
3
Let r be 3/((-27)/10362) - 14/21. What is the tens digit of (-1)/2*r/18?
3
Suppose 3*y = 7*y - 4, 3*r = 5*y - 5. Suppose r = -0*l - 3*l - 3*s - 21, 5*s = 0. What is the units digit of ((-6)/3 - l) + 4?
9
Let n(p) = p**2 - 7*p. Let l be n(9). Let a = l - 12. What is the units digit of (-7 + a)/((-1)/1)?
1
Let a(d) = 2*d - 13. Let l be a(6). What is the hundreds digit of ((-1)/l)/(-1)*-219?
2
Let c be 73/3 + 1/(-3). Let s = 26 - c. Suppose -s*v = -2, h - 96 = -h - 2*v. What is the tens digit of h?
4
Let n = -1541 - -2373. What is the units digit of n?
2
Suppose 43*j + 8360 = 63*j. What is the units digit of j?
8
Let g(w) = 10*w - 18*w + 9*w - 5. Let b be g(6). What is the units digit of 9/12 - b/(-4)?
1
Let g = -101 - -488. What is the tens digit of g?
8
Let y be 1017/36 + 2/(-8). Suppose 53 - 143 = -5*x - q, 0 = 4*x - 4*q - 48. Let d = y - x. What is the units digit of d?
1
What is the units digit of (195/9 - 2)/((-1)/(-3))?
9
Suppose -2*g = 2*i + i + 424, 2*i + 1071 = -5*g. Let f = 341 + g. What is the units digit of f?
6
Suppose -a = -1012 - 499. What is the thousands digit of a?
1
Suppose -2*j + 15 = 5. Let s be 25 + -1 - (1 + -2)*3. Suppose 5*d - 4*o = 44, -j*o - s = 4*d - 95. What is the tens digit of d?
1
Let q(n) = 8*n + 1672. What is the units digit of q(0)?
2
Let h be 4/(-6) - 2/6 - 3. What is the units digit of (16/6)/h*4*-3?
8
Let y be (-53)/(-4) - 2/8. Let h = -43 - -45. Suppose h*r = 9 + y. What is the tens digit of r?
1
Let q be 5/(-1)*46/(-2 - -1). What is the units digit of 3/(-2) + q/4?
6
Suppose 1939 + 3083 = 3*n. What is the thousands digit of n?
1
Let z(q) = 3*q**2 - 7*q + 3. Suppose 19 = 5*p - 2*k, -6*p - 2*k + 31 = -p. What is the tens digit of z(p)?
4
Suppose -13823 = -13*n - 10*n. What is the hundreds digit of n?
6
What is the tens digit of (-190)/(-855) - ((-38432)/(-18))/(-4)?
3
Suppose 4*c - 1552 = -4*c. Suppose c = -12*l + 1382. What is the tens digit of l?
9
Let q be 1/2 + (-3)/6. Suppose q = 2*z + 2*u - 6*u - 50, z = u + 23. What is the tens digit of z?
2
Suppose 160 = 2*k + 5*t - 449, -297 = -k - 5*t. What is the tens digit of k?
1
Suppose 3*d = 4*u - 86 + 941, 5*d - 1442 = u. What is the tens digit of d?
8
Let i = 13 - 11. Let f be -1 - i - (-21 - -9). Let u(o) = -o**2 + 12*o - 11. What is the tens digit of u(f)?
1
What is the tens digit of ((-30)/21)/((-24)/840)?
5
What is the tens digit of 4/((-32)/822)*(-360)/135?
7
Let k(b) = b**3 + 24*b**2 - 17*b - 2. What is the units digit of k(10)?
8
Suppose 36*k - 94*k + 46748 = 0. What is the hundreds digit of k?
8
Let t(m) = m**3 + 13*m**2 - m - 6. What is the units digit of t(-11)?
7
Let r(w) = -59*w**3 - 4*w**2 - 3*w - 3. What is the units digit of r(-2)?
9
Let k = 2804 + -1524. What is the thousands digit of k?
1
Let j be (-12618)/(-10) - 7/(-35). Suppose -4*u - 5*y + 1137 = 0, -y = 4*u + 113 - j. What is the hundreds digit of u?
2
Suppose 0 = -4*t - 0 + 24. What is the tens digit of 4 + (70 - t/(-2))?
7
Let j = -26 - -166. Suppose -3*n + j = -139. What is the tens digit of n?
9
Suppose -3*f = -5*u + 394, -f + 3*u = -0*u + 138. Let s = 237 + f. What is the hundreds digit of s?
1
Suppose -4*f = v - 9107, 6844 = 3*f + v - 3*v. What is the hundreds digit of f?
2
Suppose -4 = k + 7. Let o be (-1)/(-1) - (-7 - k). Let s = 4 - o. What is the units digit of s?
7
Let z(u) = 